e l(f).
3
Let n(q) = -q**2 + 0*q + 2*q**2 + 2 + 2*q + 0*q. Let d(f) = f**3 + 8*f**2 - 3. Let z be d(-8). Determine n(z).
5
Let d(y) be the first derivative of y**4/4 - 2*y**3 + 2*y**2 - 6*y - 29. Give d(6).
18
Let a(m) = -m**3 - 5*m**2 - 4*m - 22. Let i be a(-5). Let r(l) = -l**3. What is r(i)?
8
Let l(a) = -a**3 - 5*a**2 + a + 6. Let q be l(-5). Let o(i) = -6*i**2 + 3 + i - i**3 + i**2 - q. Calculate o(-5).
-3
Let o be 2 + 1/2*2*0. Let d(z) = -3*z**2 + 2*z + 2. Calculate d(o).
-6
Let m = 14 - 8. Suppose -o = -m*o + 25. Let y(j) = j**3 - 5*j**2 - 2*j - 4. What is y(o)?
-14
Suppose 2*m + 6 = v - 0*m, -2*v + 6 = -m. Let x(s) be the first derivative of -s**2 + 3*s + 2. What is x(v)?
-1
Let z(q) be the second derivative of q**4/12 - q**3/6 + q**2/2 - 6*q. Let c = 3 + -2. Calculate z(c).
1
Let q = -2 - -3. Let u be 2/6 - 2/6. Let j(t) = u + 3 - 2 - 4*t. What is j(q)?
-3
Let g(q) = q**3 + q**2 - q - 1. Let x(w) = 2*w**3 - w**2 - 4*w + 2. Let f(o) = g(o) - x(o). Calculate f(3).
-3
Let b(u) = -12*u**3 + u**2 + 2*u + 1. Suppose 9*n + 10 = 1. What is b(n)?
12
Let a(g) = 3*g - 6. Let u(n) = n - 1. Let d(t) = a(t) - 2*u(t). Suppose 17 + 1 = 3*q. Let j = q + -2. Give d(j).
0
Let p be (-40)/(-60) + (-158)/(-6). Let y = 4 - -1. Let l be (-6)/15 + p/y. Let u(t) = t**3 - 4*t**2 - 5*t - 6. What is u(l)?
-6
Let j = 3 - 3. Suppose 4*m + 3*k - 35 = 0, -4*m + 4*k + j*k = 0. Let r(h) = h**3 - 4*h**2 - 7*h + 1. Calculate r(m).
-9
Let c(a) be the third derivative of a**6/720 + 11*a**5/120 + a**4/6 + 2*a**2. Let n(m) be the second derivative of c(m). Calculate n(-6).
5
Let n(v) = 4*v - 1. Let g = -13 - -1. Let o = 21 + g. Let d = o - 7. Determine n(d).
7
Suppose o + 6 = 2*a, 4*o - 1 - 1 = -5*a. Let v(q) = -4*q + 5 + q + a*q. Let t be v(6). Let h(g) = -8*g**3. Give h(t).
8
Let u(p) = -p**3 + p**2 - 4. Let z = -2 + 3. Let y(i) = i**2 + 1. Let v(n) = z*u(n) + 3*y(n). Give v(4).
-1
Let d(j) = j + 2847 - 2848 + 0*j. What is d(2)?
1
Suppose 0*q = -4*q. Let u(b) = 0*b + 0*b + b**2 - 6*b**3 + 5*b**3 + 5. Give u(q).
5
Suppose 2*n + 2*y - 16 = 6, 3*y - 15 = 0. Let c(d) = -d**2 + 8*d - 7. What is c(n)?
5
Let k(d) be the third derivative of -1/6*d**4 + 0*d**3 + 0 - 1/60*d**5 + 0*d - 10*d**2. Determine k(-5).
-5
Let b(a) = 8*a - 7. Let l(x) = x - 1. Let z(h) = -b(h) + 6*l(h). Suppose 6 = p + 2*p. Suppose -g + 0*g = q, -p*q = -g + 12. What is z(g)?
-7
Let i be (3 - 4) + 1 + -1. Let w be 2*i/2 - -6. Let t(g) = -g + 12. What is t(w)?
7
Let y(o) = -o**3 - 3*o**2 + 3*o + 1. Let p(a) = a**3 + 5*a**2 + 5*a + 5. Let z be p(-4). Let m = -3 - z. Give y(m).
5
Let d(s) = 1 - 6*s + 3*s**2 - 4*s**2 + 7. Suppose 0 = 3*l + z + 3*z + 22, -35 = 5*l + 5*z. What is d(l)?
8
Let s(d) = d. Let x(g) = -3. Let n(v) = s(v) + x(v). Suppose -2 = -4*l + 3*l. Give n(l).
-1
Let l = -1 + -5. Let c(g) = -g**3 - 5*g**2 + 6*g - 7. What is c(l)?
-7
Let q be 3*(5/3 - 0). Let a be (q/15)/((-1)/(-12)). Let y(w) be the first derivative of -w**4/4 + 4*w**3/3 - 2*w**2 + 6*w - 2. What is y(a)?
-10
Suppose 5*k - 13 - 12 = 0. Let i be 5/2*8/k. Let d(t) = i - t**2 - 4 + 2. Calculate d(0).
2
Let u(a) = -5 + 2*a**2 + a + 0*a**2 - a**2. What is u(-4)?
7
Suppose 2*d + v = 4*v - 3, 3*v - 6 = 3*d. Let w(n) = -3*n + 2*n**2 + 2 + n**3 - 2. What is w(d)?
0
Suppose -3*p + 2 = -4. Let c(q) = -q**3 - p*q**2 + 10 - q - 10. Give c(-2).
2
Let h(t) = t - 2. Let d be (-2 - (-2 - -2))*(3 - 4). Calculate h(d).
0
Let y(p) = 4*p**2 + 2*p - 1. Let g be y(1). Let j be (8/(-5))/(1/(-5)). Let q(d) = -1 + d**2 + 4 - d - j - 3*d. Calculate q(g).
0
Suppose 4*b = -3*n - 16, 2*n - b + 15 = -2*n. Let l(z) be the second derivative of -z**5/20 - z**4/3 + z**2 + 3*z. Determine l(n).
2
Suppose -s + 3 = -z + 5, 5*z + 3*s + 6 = 0. Suppose z*q = -2*q. Suppose c + 4*c = q. Let j(n) = n**2 - n + 8. Give j(c).
8
Let w(m) = m - 3. Let p(d) = d**3 - 7*d**2 + 5*d - 5. Let k be p(6). Let f = -17 - k. Calculate w(f).
-9
Let h(v) = v + 0*v + 0*v + 5*v. Give h(-1).
-6
Let m(x) = 1. Let h(a) = a - 3. Let k(b) = 2*h(b) + 2*m(b). Suppose 4*v = 2*v + 6. Suppose -2*q + 4*j = 0, -16 = -v*q + j - 3*j. What is k(q)?
4
Suppose v + 5*v - 24 = 0. Suppose -v*o - 20 = -u, -5*o - 9 - 16 = 2*u. Let a(g) = -11*g + 18. Let n(i) = -7*i + 12. Let c(w) = -5*a(w) + 8*n(w). What is c(u)?
6
Let a(p) = -1. Let v(l) = -l**3 + l**2 - 2. Let k(f) = -a(f) + v(f). Suppose 0 = 4*w - 9*w + 10. Calculate k(w).
-5
Let h(c) = -c**3 - 8*c**2 - 2*c - 3. Suppose -3*r + 3 + 18 = 0. Let g(w) = 2*w**3 + 17*w**2 + 5*w + 5. Let t(d) = r*h(d) + 3*g(d). What is t(-5)?
-11
Let j(a) be the second derivative of a**5/20 - 13*a**2/2 - 2*a. Let z be (88/(-16))/(2/4). Let i = 11 + z. Give j(i).
-13
Let s(b) = b**3 - 4*b + b**3 - 6*b**2 + 2*b**3 + 6 - 5*b**3. Let a = 3 - 10. Let r(d) = d**2 + 7*d - 5. Let u be r(a). Calculate s(u).
1
Let o(m) = -m**2 + 12*m + 3. Let z be o(12). Let n(k) = -5*k - 4. Let c(a) = -1 - 15 + 4 - 16*a. Let h(q) = z*c(q) - 10*n(q). Determine h(-3).
-2
Let m(z) = z - 3. Let r = -1 - 2. Let y be -1 - (r - -2)*3. Let t = 1 + y. Determine m(t).
0
Let h(f) = 8*f**2 - f. Suppose 3 = -4*d + d. Determine h(d).
9
Let w(q) be the third derivative of -q**4/24 - q**3/3 + q**2. Suppose 0 = 3*k - 0 + 9. Calculate w(k).
1
Let g(d) be the third derivative of -1/6*d**3 + 1/8*d**4 - 2*d**2 + 0 + 0*d. Let u(i) = i**3 + 4*i**2 - 5*i + 2. Let c be u(-5). Determine g(c).
5
Let v(t) = -t**2 - 5*t - 1. Suppose 0 = -3*z + 7*z - 4. Let a be ((0 - z) + 0)*4. Determine v(a).
3
Let q(o) = o**3 - 2*o**2 + o + 2. Suppose 3*g - 11 = 5*t, -5*g - 3*t = t - 6. Calculate q(g).
4
Let r = 123 + -132. Let s(y) = -y - 2. What is s(r)?
7
Let g be 2/((-2)/(-2)) + 0. Let y(n) = -2*n + 3. Let p(i) = 28 - 28 + i. Let z(o) = g*y(o) + 6*p(o). Give z(-5).
-4
Let u = -7 - -8. Let t(w) = -9*w**3 - 2*w - 11. Let d be ((-3)/3)/((-1)/6). Let c(k) = -5*k**3 - k - 6. Let s(h) = d*t(h) - 11*c(h). What is s(u)?
0
Let f(w) be the first derivative of -w**3/3 + 5*w**2/2 - 4*w + 13. Determine f(3).
2
Let g(m) = -7*m**2 + 17*m - 9. Let x(k) = -3*k**2 + 8*k - 5. Let w(f) = -2*g(f) + 5*x(f). Let j be (10/(-6))/((-3)/18). Suppose -j = -5*r + 3*r. What is w(r)?
-2
Let x(t) = 3*t**3 - 5*t + 4*t**2 - 2*t**3 - 2 + 0*t**3. Give x(-5).
-2
Let d(u) = u**2 + 7*u + 2. Let p be d(-7). Let w(y) = -y**2 - 9*y + 8*y + 0*y**p - 1. Give w(3).
-13
Let b(g) = -4*g - 23*g**2 + 5 + 4*g**3 - 3*g**3 + 18*g**2 - 2*g**3. What is b(-4)?
5
Let s(w) = 1 + 3*w + w - w + 3*w. Give s(-4).
-23
Let p(k) = -k**2 + 2*k + 1. Let r(o) = 2*o**2 + 2*o + 1. Let s be r(-1). Let t = -1 + 3. Suppose -s = -y + t. Calculate p(y).
-2
Let f be (-10)/15*3 - -6. Let i(k) = 2*k + 1. Give i(f).
9
Let f(r) be the first derivative of r**3 + r**2/2 - r + 10. Calculate f(1).
3
Let y(f) = -2*f - 5. Let r(k) = -2*k - 4. Let u(s) = -6*r(s) + 5*y(s). Calculate u(-4).
-9
Let f(p) = -5 + p + p + 14 - 15. Give f(4).
2
Let c(j) be the first derivative of j**6/120 + 7*j**5/60 + j**4/8 - 7*j**3/6 - j**2 + 1. Let l(m) be the second derivative of c(m). Give l(-6).
11
Let m(i) be the second derivative of -i**5/20 - 2*i**3/3 + 3*i**2/2 + 9*i. What is m(2)?
-13
Suppose -5*f + r - 39 = 0, 5*r = -6 + 1. Let y = 9 + f. Let m(w) = 5*w**3 - w. Calculate m(y).
4
Let c = 37 - 21. Let y(m) = -12 + 8 + 3 + 2*m. Let v(a) = -10*a + 4. Let f(n) = c*y(n) + 3*v(n). What is f(5)?
6
Let h(q) = -14*q**3 - 19*q**2 - 3*q + 28. Let x(f) = 5*f**3 + 6*f**2 + f - 9. Let y(k) = -6*h(k) - 17*x(k). Give y(12).
-3
Let x(p) = -p**2 - 3*p + 4. Suppose -s - s + 10 = 0. Let i = -1 + s. Suppose -i = -2*f + 3*f. Calculate x(f).
0
Let v(x) = x**2 - 7*x + 7. Let w be (-10 - -1)/(48/(-32)). Give v(w).
1
Let u(r) be the first derivative of -r**3/3 + r**2 + 3*r + 7. What is u(3)?
0
Let f(o) = -o - 7. Let h(j) = -j - 1. Let r(k) = f(k) - 2*h(k). What is r(10)?
5
Suppose 0 = w - 6*w - 15. Let o(k) be the first derivative of -k - 3. Let c(y) = -3*y - 2. Let z(q) = -c(q) - 2*o(q). Determine z(w).
-5
Let k(n) = 6*n. Let u be k(-1). Let x(l) = l + 6. What is x(u)?
0
Suppose 2*x = 5*i + 7*x - 10, 2*x + 8 = 4*i. Let m(t) = -i*t**2 + 1 + 5*t**2 - 2*t**2 + 7*t. Determine m(-3).
-11
Let z(k) be the first derivative of k**5/60 + k**4/6 + k**3/3 + k**2/2 - 2. Let x(b) be the second derivative of z(b). Suppose 0*n + 4 = -n. Give x(n).
2
Let p(g) = 7*g - 46 + 0*g**3 + 48 + 2*g